{"id":7866,"date":"2022-12-18T12:52:57","date_gmt":"2022-12-18T15:52:57","guid":{"rendered":"https:\/\/cientifique.com\/cursos\/?post_type=product&#038;p=7866"},"modified":"2022-12-18T13:24:30","modified_gmt":"2022-12-18T16:24:30","slug":"inscricao-curso-pratico-de-peeling-avancado-paraiba","status":"publish","type":"product","link":"https:\/\/cientifique.com.br\/cursos\/product\/inscricao-curso-pratico-de-peeling-avancado-paraiba\/","title":{"rendered":"INSCRI\u00c7\u00c3O CURSO PR\u00c1TICO DE PEELING AVAN\u00c7ADO Para\u00edba"},"content":{"rendered":"<p>Este ticket no valor de R$400,00 corresponde ao investimento de 01 inscri\u00e7\u00e3o para o Curso Pr\u00e1tico de Peeling Avan\u00e7ado para profissionais da \u00e1rea da sa\u00fade que desejam se aprimorar com a t\u00e9cnica. O curso estar\u00e1 acontecendo no \ufffcdia <strong>25\/08\/2018<\/strong> das 9:00 -17:00\u00a0\u2013 Campina Grande &#8211; PB.<\/p>\n<p>Incluso: Certificado, Material Did\u00e1tico Digitalizado e Coffee Break.<\/p>\n<p>MAIS INFORMA\u00c7\u00c3O: (11) 9 9793-8460<\/p>\n","protected":false},"excerpt":{"rendered":"<p>Este ticket no valor de R$400,00 corresponde ao investimento de 01 inscri\u00e7\u00e3o para o Curso Pr\u00e1tico de Peeling Avan\u00e7ado para profissionais da \u00e1rea da sa\u00fade que desejam se aprimorar com a t\u00e9cnica. O curso estar\u00e1 acontecendo no \ufffcdia <strong>25\/08\/2018<\/strong> das 9:00 -17:00\u00a0\u2013 Campina Grande &#8211; PB.<\/p>\n","protected":false},"featured_media":7898,"comment_status":"open","ping_status":"closed","template":"","meta":[],"product_brand":[],"product_cat":[1222,1223,1212,1224,1213,1225,1226,1220],"product_tag":[1227,1228,1229,1230,1231],"class_list":{"0":"post-7866","1":"product","2":"type-product","3":"status-publish","4":"has-post-thumbnail","6":"product_cat-clareamento","7":"product_cat-corporal","8":"product_cat-ead","9":"product_cat-estrias","10":"product_cat-estudante","11":"product_cat-gordura-localizada","12":"product_cat-hidratacao","13":"product_cat-profissional","14":"product_tag-clareamento","15":"product_tag-colageno","16":"product_tag-descamacao","17":"product_tag-despigmentante","18":"product_tag-inducao-percutanea-de-colageno","20":"first","21":"instock","22":"virtual","23":"purchasable","24":"product-type-simple","25":"prodpage-style3"},"yoast_head":"<!-- This site is optimized with the Yoast SEO plugin v27.2 - https:\/\/yoast.com\/product\/yoast-seo-wordpress\/ -->\n<title>INSCRI\u00c7\u00c3O CURSO PR\u00c1TICO DE PEELING AVAN\u00c7ADO Para\u00edba - Cientifique<\/title>\n<meta name=\"robots\" content=\"index, follow, max-snippet:-1, max-image-preview:large, max-video-preview:-1\" \/>\n<link rel=\"canonical\" href=\"https:\/\/cientifique.com.br\/cursos\/product\/inscricao-curso-pratico-de-peeling-avancado-paraiba\/\" \/>\n<meta property=\"og:locale\" content=\"pt_BR\" \/>\n<meta property=\"og:type\" content=\"article\" \/>\n<meta property=\"og:title\" content=\"INSCRI\u00c7\u00c3O CURSO PR\u00c1TICO DE PEELING AVAN\u00c7ADO Para\u00edba - Cientifique\" \/>\n<meta property=\"og:description\" content=\"Este ticket no valor de R$400,00 corresponde ao investimento de 01 inscri\u00e7\u00e3o para o Curso Pr\u00e1tico de Peeling Avan\u00e7ado para profissionais da \u00e1rea da sa\u00fade que desejam se aprimorar com a t\u00e9cnica. O curso estar\u00e1 acontecendo no \ufffcdia 25\/08\/2018 das 9:00 -17:00\u00a0\u2013 Campina Grande - PB.\" \/>\n<meta property=\"og:url\" content=\"https:\/\/cientifique.com.br\/cursos\/product\/inscricao-curso-pratico-de-peeling-avancado-paraiba\/\" \/>\n<meta property=\"og:site_name\" content=\"Cientifique\" \/>\n<meta property=\"article:publisher\" content=\"https:\/\/www.facebook.com\/cientifique\" \/>\n<meta property=\"article:modified_time\" content=\"2022-12-18T16:24:30+00:00\" \/>\n<meta property=\"og:image\" content=\"https:\/\/cientifique.com.br\/cursos\/wp-content\/uploads\/2022\/12\/curso-peeling-CP.jpg\" \/>\n\t<meta property=\"og:image:width\" content=\"450\" \/>\n\t<meta property=\"og:image:height\" content=\"450\" \/>\n\t<meta property=\"og:image:type\" content=\"image\/jpeg\" \/>\n<meta name=\"twitter:card\" content=\"summary_large_image\" \/>\n<meta name=\"twitter:site\" content=\"@cientifiquemid\" \/>\n<script type=\"application\/ld+json\" class=\"yoast-schema-graph\">{\"@context\":\"https:\/\/schema.org\",\"@graph\":[{\"@type\":\"WebPage\",\"@id\":\"https:\/\/cientifique.com.br\/cursos\/product\/inscricao-curso-pratico-de-peeling-avancado-paraiba\/\",\"url\":\"https:\/\/cientifique.com.br\/cursos\/product\/inscricao-curso-pratico-de-peeling-avancado-paraiba\/\",\"name\":\"INSCRI\u00c7\u00c3O CURSO PR\u00c1TICO DE PEELING AVAN\u00c7ADO Para\u00edba - Cientifique\",\"isPartOf\":{\"@id\":\"https:\/\/cientifique.com.br\/cursos\/#website\"},\"primaryImageOfPage\":{\"@id\":\"https:\/\/cientifique.com.br\/cursos\/product\/inscricao-curso-pratico-de-peeling-avancado-paraiba\/#primaryimage\"},\"image\":{\"@id\":\"https:\/\/cientifique.com.br\/cursos\/product\/inscricao-curso-pratico-de-peeling-avancado-paraiba\/#primaryimage\"},\"thumbnailUrl\":\"https:\/\/cientifique.com.br\/cursos\/wp-content\/uploads\/2022\/12\/curso-peeling-CP.jpg\",\"datePublished\":\"2022-12-18T15:52:57+00:00\",\"dateModified\":\"2022-12-18T16:24:30+00:00\",\"breadcrumb\":{\"@id\":\"https:\/\/cientifique.com.br\/cursos\/product\/inscricao-curso-pratico-de-peeling-avancado-paraiba\/#breadcrumb\"},\"inLanguage\":\"pt-BR\",\"potentialAction\":[{\"@type\":\"ReadAction\",\"target\":[\"https:\/\/cientifique.com.br\/cursos\/product\/inscricao-curso-pratico-de-peeling-avancado-paraiba\/\"]}]},{\"@type\":\"ImageObject\",\"inLanguage\":\"pt-BR\",\"@id\":\"https:\/\/cientifique.com.br\/cursos\/product\/inscricao-curso-pratico-de-peeling-avancado-paraiba\/#primaryimage\",\"url\":\"https:\/\/cientifique.com.br\/cursos\/wp-content\/uploads\/2022\/12\/curso-peeling-CP.jpg\",\"contentUrl\":\"https:\/\/cientifique.com.br\/cursos\/wp-content\/uploads\/2022\/12\/curso-peeling-CP.jpg\",\"width\":450,\"height\":450},{\"@type\":\"BreadcrumbList\",\"@id\":\"https:\/\/cientifique.com.br\/cursos\/product\/inscricao-curso-pratico-de-peeling-avancado-paraiba\/#breadcrumb\",\"itemListElement\":[{\"@type\":\"ListItem\",\"position\":1,\"name\":\"In\u00edcio\",\"item\":\"https:\/\/cientifique.com.br\/cursos\/\"},{\"@type\":\"ListItem\",\"position\":2,\"name\":\"Loja\",\"item\":\"https:\/\/cientifique.com.br\/cursos\/loja\/\"},{\"@type\":\"ListItem\",\"position\":3,\"name\":\"INSCRI\u00c7\u00c3O CURSO PR\u00c1TICO DE PEELING AVAN\u00c7ADO Para\u00edba\"}]},{\"@type\":\"WebSite\",\"@id\":\"https:\/\/cientifique.com.br\/cursos\/#website\",\"url\":\"https:\/\/cientifique.com.br\/cursos\/\",\"name\":\"Cientifique\",\"description\":\"Est\u00e9tica, sa\u00fade e bem estar\",\"publisher\":{\"@id\":\"https:\/\/cientifique.com.br\/cursos\/#organization\"},\"potentialAction\":[{\"@type\":\"SearchAction\",\"target\":{\"@type\":\"EntryPoint\",\"urlTemplate\":\"https:\/\/cientifique.com.br\/cursos\/?s={search_term_string}\"},\"query-input\":{\"@type\":\"PropertyValueSpecification\",\"valueRequired\":true,\"valueName\":\"search_term_string\"}}],\"inLanguage\":\"pt-BR\"},{\"@type\":\"Organization\",\"@id\":\"https:\/\/cientifique.com.br\/cursos\/#organization\",\"name\":\"Cientifique\",\"url\":\"https:\/\/cientifique.com.br\/cursos\/\",\"logo\":{\"@type\":\"ImageObject\",\"inLanguage\":\"pt-BR\",\"@id\":\"https:\/\/cientifique.com.br\/cursos\/#\/schema\/logo\/image\/\",\"url\":\"https:\/\/cientifique.com.br\/cursos\/wp-content\/uploads\/2020\/09\/cientifique_2020.png\",\"contentUrl\":\"https:\/\/cientifique.com.br\/cursos\/wp-content\/uploads\/2020\/09\/cientifique_2020.png\",\"width\":260,\"height\":58,\"caption\":\"Cientifique\"},\"image\":{\"@id\":\"https:\/\/cientifique.com.br\/cursos\/#\/schema\/logo\/image\/\"},\"sameAs\":[\"https:\/\/www.facebook.com\/cientifique\",\"https:\/\/x.com\/cientifiquemid\",\"https:\/\/instagram.com\/cientifique\",\"https:\/\/www.pinterest.com\/cientifique\/\"]}]}<\/script>\n<!-- \/ Yoast SEO plugin. -->","yoast_head_json":{"title":"INSCRI\u00c7\u00c3O CURSO PR\u00c1TICO DE PEELING AVAN\u00c7ADO Para\u00edba - Cientifique","robots":{"index":"index","follow":"follow","max-snippet":"max-snippet:-1","max-image-preview":"max-image-preview:large","max-video-preview":"max-video-preview:-1"},"canonical":"https:\/\/cientifique.com.br\/cursos\/product\/inscricao-curso-pratico-de-peeling-avancado-paraiba\/","og_locale":"pt_BR","og_type":"article","og_title":"INSCRI\u00c7\u00c3O CURSO PR\u00c1TICO DE PEELING AVAN\u00c7ADO Para\u00edba - Cientifique","og_description":"Este ticket no valor de R$400,00 corresponde ao investimento de 01 inscri\u00e7\u00e3o para o Curso Pr\u00e1tico de Peeling Avan\u00e7ado para profissionais da \u00e1rea da sa\u00fade que desejam se aprimorar com a t\u00e9cnica. O curso estar\u00e1 acontecendo no \ufffcdia 25\/08\/2018 das 9:00 -17:00\u00a0\u2013 Campina Grande - PB.","og_url":"https:\/\/cientifique.com.br\/cursos\/product\/inscricao-curso-pratico-de-peeling-avancado-paraiba\/","og_site_name":"Cientifique","article_publisher":"https:\/\/www.facebook.com\/cientifique","article_modified_time":"2022-12-18T16:24:30+00:00","og_image":[{"width":450,"height":450,"url":"https:\/\/cientifique.com.br\/cursos\/wp-content\/uploads\/2022\/12\/curso-peeling-CP.jpg","type":"image\/jpeg"}],"twitter_card":"summary_large_image","twitter_site":"@cientifiquemid","schema":{"@context":"https:\/\/schema.org","@graph":[{"@type":"WebPage","@id":"https:\/\/cientifique.com.br\/cursos\/product\/inscricao-curso-pratico-de-peeling-avancado-paraiba\/","url":"https:\/\/cientifique.com.br\/cursos\/product\/inscricao-curso-pratico-de-peeling-avancado-paraiba\/","name":"INSCRI\u00c7\u00c3O CURSO PR\u00c1TICO DE PEELING AVAN\u00c7ADO Para\u00edba - Cientifique","isPartOf":{"@id":"https:\/\/cientifique.com.br\/cursos\/#website"},"primaryImageOfPage":{"@id":"https:\/\/cientifique.com.br\/cursos\/product\/inscricao-curso-pratico-de-peeling-avancado-paraiba\/#primaryimage"},"image":{"@id":"https:\/\/cientifique.com.br\/cursos\/product\/inscricao-curso-pratico-de-peeling-avancado-paraiba\/#primaryimage"},"thumbnailUrl":"https:\/\/cientifique.com.br\/cursos\/wp-content\/uploads\/2022\/12\/curso-peeling-CP.jpg","datePublished":"2022-12-18T15:52:57+00:00","dateModified":"2022-12-18T16:24:30+00:00","breadcrumb":{"@id":"https:\/\/cientifique.com.br\/cursos\/product\/inscricao-curso-pratico-de-peeling-avancado-paraiba\/#breadcrumb"},"inLanguage":"pt-BR","potentialAction":[{"@type":"ReadAction","target":["https:\/\/cientifique.com.br\/cursos\/product\/inscricao-curso-pratico-de-peeling-avancado-paraiba\/"]}]},{"@type":"ImageObject","inLanguage":"pt-BR","@id":"https:\/\/cientifique.com.br\/cursos\/product\/inscricao-curso-pratico-de-peeling-avancado-paraiba\/#primaryimage","url":"https:\/\/cientifique.com.br\/cursos\/wp-content\/uploads\/2022\/12\/curso-peeling-CP.jpg","contentUrl":"https:\/\/cientifique.com.br\/cursos\/wp-content\/uploads\/2022\/12\/curso-peeling-CP.jpg","width":450,"height":450},{"@type":"BreadcrumbList","@id":"https:\/\/cientifique.com.br\/cursos\/product\/inscricao-curso-pratico-de-peeling-avancado-paraiba\/#breadcrumb","itemListElement":[{"@type":"ListItem","position":1,"name":"In\u00edcio","item":"https:\/\/cientifique.com.br\/cursos\/"},{"@type":"ListItem","position":2,"name":"Loja","item":"https:\/\/cientifique.com.br\/cursos\/loja\/"},{"@type":"ListItem","position":3,"name":"INSCRI\u00c7\u00c3O CURSO PR\u00c1TICO DE PEELING AVAN\u00c7ADO Para\u00edba"}]},{"@type":"WebSite","@id":"https:\/\/cientifique.com.br\/cursos\/#website","url":"https:\/\/cientifique.com.br\/cursos\/","name":"Cientifique","description":"Est\u00e9tica, sa\u00fade e bem estar","publisher":{"@id":"https:\/\/cientifique.com.br\/cursos\/#organization"},"potentialAction":[{"@type":"SearchAction","target":{"@type":"EntryPoint","urlTemplate":"https:\/\/cientifique.com.br\/cursos\/?s={search_term_string}"},"query-input":{"@type":"PropertyValueSpecification","valueRequired":true,"valueName":"search_term_string"}}],"inLanguage":"pt-BR"},{"@type":"Organization","@id":"https:\/\/cientifique.com.br\/cursos\/#organization","name":"Cientifique","url":"https:\/\/cientifique.com.br\/cursos\/","logo":{"@type":"ImageObject","inLanguage":"pt-BR","@id":"https:\/\/cientifique.com.br\/cursos\/#\/schema\/logo\/image\/","url":"https:\/\/cientifique.com.br\/cursos\/wp-content\/uploads\/2020\/09\/cientifique_2020.png","contentUrl":"https:\/\/cientifique.com.br\/cursos\/wp-content\/uploads\/2020\/09\/cientifique_2020.png","width":260,"height":58,"caption":"Cientifique"},"image":{"@id":"https:\/\/cientifique.com.br\/cursos\/#\/schema\/logo\/image\/"},"sameAs":["https:\/\/www.facebook.com\/cientifique","https:\/\/x.com\/cientifiquemid","https:\/\/instagram.com\/cientifique","https:\/\/www.pinterest.com\/cientifique\/"]}]}},"jetpack_sharing_enabled":true,"_links":{"self":[{"href":"https:\/\/cientifique.com.br\/cursos\/wp-json\/wp\/v2\/product\/7866","targetHints":{"allow":["GET"]}}],"collection":[{"href":"https:\/\/cientifique.com.br\/cursos\/wp-json\/wp\/v2\/product"}],"about":[{"href":"https:\/\/cientifique.com.br\/cursos\/wp-json\/wp\/v2\/types\/product"}],"replies":[{"embeddable":true,"href":"https:\/\/cientifique.com.br\/cursos\/wp-json\/wp\/v2\/comments?post=7866"}],"wp:featuredmedia":[{"embeddable":true,"href":"https:\/\/cientifique.com.br\/cursos\/wp-json\/wp\/v2\/media\/7898"}],"wp:attachment":[{"href":"https:\/\/cientifique.com.br\/cursos\/wp-json\/wp\/v2\/media?parent=7866"}],"wp:term":[{"taxonomy":"product_brand","embeddable":true,"href":"https:\/\/cientifique.com.br\/cursos\/wp-json\/wp\/v2\/product_brand?post=7866"},{"taxonomy":"product_cat","embeddable":true,"href":"https:\/\/cientifique.com.br\/cursos\/wp-json\/wp\/v2\/product_cat?post=7866"},{"taxonomy":"product_tag","embeddable":true,"href":"https:\/\/cientifique.com.br\/cursos\/wp-json\/wp\/v2\/product_tag?post=7866"}],"curies":[{"name":"wp","href":"https:\/\/api.w.org\/{rel}","templated":true}]}}